base 6) to base 2
10001110101011111101
Convert -122110002200 (base 3) to base 7.
-2630154
What is 1d33a (base 14) in base 9?
123451
9270801 (base 10) to base 12
3131069
440222314 (base 5) to base 12
76972a
Convert c03200 (base 13) to base 12.
15b2525
-13131143043 (base 5) to base 14
-2237c88
-8da52 (base 15) to base 10
-451202
Convert 9f3ac (base 16) to base 15.
cd3a4
Convert -4a107 (base 11) to base 2.
-10001100101000010
Convert -1213616 (base 7) to base 2.
-100101110101111000
-4702896 (base 10) to base 5
-2200443041
6013044 (base 7) to base 3
1100001001110
What is 7438b6 (base 15) in base 9?
11358030
Convert -103135563 (base 8) to base 16.
-10cbb73
1138204 (base 10) to base 6
40221244
Convert 39a900 (base 11) to base 7.
5230520
-7862 (base 14) to base 7
-114552
206336516 (base 7) to base 5
11121423221
What is -253402 (base 6) in base 10?
-22826
6a065 (base 11) to base 4
120231223
206762 (base 8) to base 14
1b282
Convert 2231314 (base 5) to base 13.
1502c
What is 12333213 (base 4) in base 16?
6fe7
144130111 (base 6) to base 8
13336673
-506118 (base 10) to base 6
-14503050
What is -1ab1bb (base 13) in base 8?
-2462661
What is 2326877 (base 9) in base 13?
35092c
What is -1100111000000010 (base 2) in base 13?
-1b00a
What is 321200231 (base 4) in base 2?
111001100000101101
Convert -36251641 (base 7) to base 2.
-1100010010110100011000
What is 338573 (base 10) in base 4?
1102222031
Convert -378240 (base 9) to base 2.
-110111111011110000
What is -1043421124 (base 6) in base 4?
-223120031230
Convert -5244042 (base 7) to base 14.
-1268c9
-24a67a9 (base 11) to base 7
-51624620
Convert 1412637 (base 9) to base 4.
2331133300
Convert 17555344 (base 8) to base 15.
5657cd
-6395109 (base 10) to base 16
-6194e5
What is -1274b0 (base 12) in base 14?
-7c668
Convert 67045760 (base 8) to base 2.
110111000100101111110000
What is c99446 (base 16) in base 11?
7503432
What is 1607da5 (base 14) in base 4?
221013130031
What is -10112010011 (base 3) in base 8?
-207334
a5b39 (base 15) to base 14
d97ca
Convert 783045 (base 9) to base 3.
212210001112
2021411244 (base 5) to base 14
7870a5
10b8a3 (base 12) to base 8
1015473
-2505246 (base 8) to base 13
-1b25b8
45be9a (base 15) to base 11
1975733
Convert -9383 (base 15) to base 7.
-156612
Convert 2c30df (base 16) to base 10.
2896095
What is -12101021201 (base 3) in base 11?
-72635
-1002221101122 (base 3) to base 2
-10001111111000000111
What is 442816 (base 9) in base 11?
170850
321121104 (base 5) to base 9
2474437
What is 1313341040 (base 5) in base 4?
30130121010
1b392 (base 12) to base 14
10978
4310413 (base 5) to base 2
10001101110100000
Convert 147992 (base 10) to base 14.
3bd0c
What is -11010101101001100 (base 2) in base 9?
-176042
What is -eda54e (base 15) in base 14?
-170ad24
Convert -14c2c0 (base 13) to base 2.
-1111101000110001011
-5356543 (base 9) to base 14
-54a8d1
Convert 1100000010100010001010 (base 2) to base 10.
3156106
Convert -2767224 (base 9) to base 6.
-52333034
Convert 38e3a4 (base 16) to base 11.
2117137
Convert -11100110111000000 (base 2) to base 8.
-346700
b74b0 (base 14) to base 11
282695
What is -2134d (base 16) in base 12?
-66865
2022021220200 (base 3) to base 13
33c117
What is -14042044 (base 5) in base 7?
-1135034
What is -16988 (base 14) in base 13?
-1cab6
What is -66492 (base 16) in base 13?
-11890b
Convert -99a20 (base 16) to base 4.
-2121220200
What is 46810 (base 9) in base 7?
160116
Convert -100100001000111100011 (base 2) to base 14.
-22b7d9
Convert 2043524 (base 6) to base 4.
120100030
Convert -12580c8 (base 13) to base 10.
-5729940
Convert 29e95 (base 16) to base 3.
22201111010
What is 312450 (base 6) in base 3?
1021121110
Convert 689078 (base 12) to base 7.
20142665
Convert -22010103111 (base 4) to base 5.
-1133422221
What is -3a017 (base 13) in base 3?
-12110200220
-22022111101 (base 4) to base 8
-12122521
23fe0 (base 16) to base 4
203333200
-325012 (base 6) to base 14
-9bb2
Convert -2353012 (base 7) to base 12.
-124a8a
What is 7561621 (base 8) in base 9?
3724773
-757131 (base 10) to base 12
-3061a3
What is -875228 (base 9) in base 4?
-1333132220
What is -273676 (base 12) in base 3?
-1012222012100
2a4328 (base 11) to base 8
1636165
Convert 2957727 (base 12) to base 8.
37612117
What is -12044343 (base 5) in base 11?
-77559
What is 2be0f (base 16) in base 11?
113039
Convert 10100102112001 (base 3) to base 14.
3448d6
1100001011111011101100 (base 2) to base 13
87b0ca
What is -7565528 (base 9) in base 13?
-ac1555
Convert -1020103101 (base 4) to base 7.
-2342253
-86b88 (base 13) to base 2
-111011011110111001
11010100110110011 (base 2) to base 15
22454
-1433322 (base 6) to base 12
-3b842
10200110222212 (base 3) to base 7
22433501
Convert -25431415 (base 7) to base 10.
-2310313
Convert 100101203212 (base 4) to base 2.
10000010001100011100110
-9a495 (base 11) to base 14
-3b12b
Convert -1310210 (base 6) to base 3.
-10121212220
Convert -1bc333 (base 13) to base 7.
-6024621
-20ab0c (base 13) to base 14
-15d44b
d0acc (base 15) to base 14
132a35
-3271c (base 13) to base 2
-10110010010010101
Convert 6a3622 (base 12) to base 16.
1a09ba
What is 179b2 (base 13) in base 11?
312a0
10010010111101010 (base 2) to base 16
125ea
Convert -73d47 (base 14) to base 13.
-9a448
Convert -201131210 (base 4) to base 10.
-137060
Convert -512134200 (base 6) to base 7.
-134443056
948986 (base 11) to base 2
101110011000011101110
Convert -10655823 (base 9) to base 3.
-100201212220210
What is 3320200202 (base 4) in base 10?
1017890
-20044310 (base 5) to base 8
-467142
What is a67ec5 (base 16) in base 10?
10911429
201221221120010 (base 3) to base 16
a1ddd7
122220134 (base 5) to base 4
2032333011
Convert 61700 (base 10) to base 16.
f104
What is -2461163 (base 7) in base 3?
-121010100102
What is 20100111122022 (base 3) in base 14?
63c321
What is -11211220001 (base 3) in base 12?
-47277
What is 69579a (base 11) in base 4?
10031330112
62214f (base 16) to base 12
21a1813
Convert 22147464 (base 8) to base 11.
276a001
Convert 10000313102 (base 4) to base 2.
100000000110111010010
-a0a35 (base 14) to base 12
-167587
Convert 384967 (base 11) to base 5.
123404032
What is 36772c (base 14) in base 2?
111000111001110001100
What is -24507 (base 10) in base 11?
-1745a
212244111 (base 6) to base 15
4e24ed
Convert -11c6a (base 15) to base 5.
-3304200
370651 (base 12) to base 2
11011001111010011101
What is 264351 (base 7) in base 2?
1100000110100111
Convert -6511188 (base 11) to base 10.
-11450810
359736 (base 10) to base 14
95156
-30313213 (base 4) to base 7
-306451
Convert -2031105 (base 6) to base 16.
-17cb1
What is 16212250 (base 8) in base 2?
1110010001010010101000
b372 (base 13) to base 4
12002333
What is -149bb68 (base 12) in base 3?
-21212210200122
What is 255302 (base 11) in base 10?
402327
What is -1244115550 (base 6) in base 8?
-70217572
-445424 (base 7) to base 12
-396b5
Convert -5601327 (base 9) to base 14.
-585bc4
467a5 (base 15) to base 7
1623314
Convert -203647 (base 8) to base 10.
-67495
Convert -100000000001100110 (base 2) to base 8.
-400146
Convert -1633422 (base 8) to base 9.
-800558
Convert -a01763 (base 14) to base 12.
-1976a0b
What is 21112200011212 (base 3) in base 10?
4008902
Convert -20120220000 (base 3) to base 4.
-133222101
Convert -82ca6 (base 13) to base 5.
-30010141
Convert 9b0a (base 12) to base 9.
25461
Convert 2288231 (base 9) to base 6.
42322214
Convert 20221423 (base 5) to base 9.
268848
Convert -1434108 (base 11) to base 8.
-11316565
-21a662 (base 12) to base 2
-10000011000000101010
Convert 311100312 (base 4) to base 13.
783c0
What is -10204120 (base 5) in base 6?
-1453034
10010000010011100 (base 2) to base 11
50568
What is 5aa867 (base 12) in base 13?
3c6154
Convert -253215 (base 6) to base 10.
-22763
What is 22101003 (base 4) in base 3?
2010200110
What is 1101110100110010 (base 2) in base 15?
11ba1
Convert 13c178 (base 14) to base 16.
a78de
-4313441 (base 6) to base 9
-352807
What is 12417 (base 14) in base 10?
44709
What is -2200100001110 (base 3) in base 9?
-2610043
What is 501509 (base 11) in base 13?
223544
Convert 10020401 (base 5) to base 16.
13674
Convert -3210333 (base 5) to base 3.
-2201212012
Convert -2e9437 (base 15) to base 10.
-2258827
What is 164140531 (base 7) in base 12?
39034b1
Convert -